{"version":"1.0","provider_name":"ADF International","provider_url":"https:\/\/adfinternational.org\/de","title":"Klage gegen Gebetsverbot in deutscher Stadt","type":"rich","width":600,"height":338,"html":"<blockquote class=\"wp-embedded-content\" data-secret=\"CiV98pAblE\"><a href=\"https:\/\/adfinternational.org\/de\/news\/klage-gegen-gebetsverbot-in-deutscher-stadt\">Klage gegen Gebetsverbot in deutscher Stadt<\/a><\/blockquote><iframe sandbox=\"allow-scripts\" security=\"restricted\" src=\"https:\/\/adfinternational.org\/de\/news\/klage-gegen-gebetsverbot-in-deutscher-stadt\/embed#?secret=CiV98pAblE\" width=\"600\" height=\"338\" title=\"&#8222;Klage gegen Gebetsverbot in deutscher Stadt&#8220; &#8212; ADF International\" data-secret=\"CiV98pAblE\" frameborder=\"0\" marginwidth=\"0\" marginheight=\"0\" scrolling=\"no\" class=\"wp-embedded-content\"><\/iframe><script type=\"text\/javascript\">\n\/* <![CDATA[ *\/\n\/*! This file is auto-generated *\/\n!function(d,l){\"use strict\";l.querySelector&&d.addEventListener&&\"undefined\"!=typeof URL&&(d.wp=d.wp||{},d.wp.receiveEmbedMessage||(d.wp.receiveEmbedMessage=function(e){var t=e.data;if((t||t.secret||t.message||t.value)&&!\/[^a-zA-Z0-9]\/.test(t.secret)){for(var s,r,n,a=l.querySelectorAll('iframe[data-secret=\"'+t.secret+'\"]'),o=l.querySelectorAll('blockquote[data-secret=\"'+t.secret+'\"]'),c=new RegExp(\"^https?:$\",\"i\"),i=0;i<o.length;i++)o[i].style.display=\"none\";for(i=0;i<a.length;i++)s=a[i],e.source===s.contentWindow&&(s.removeAttribute(\"style\"),\"height\"===t.message?(1e3<(r=parseInt(t.value,10))?r=1e3:~~r<200&&(r=200),s.height=r):\"link\"===t.message&&(r=new URL(s.getAttribute(\"src\")),n=new URL(t.value),c.test(n.protocol))&&n.host===r.host&&l.activeElement===s&&(d.top.location.href=t.value))}},d.addEventListener(\"message\",d.wp.receiveEmbedMessage,!1),l.addEventListener(\"DOMContentLoaded\",function(){for(var e,t,s=l.querySelectorAll(\"iframe.wp-embedded-content\"),r=0;r<s.length;r++)(t=(e=s[r]).getAttribute(\"data-secret\"))||(t=Math.random().toString(36).substring(2,12),e.src+=\"#?secret=\"+t,e.setAttribute(\"data-secret\",t)),e.contentWindow.postMessage({message:\"ready\",secret:t},\"*\")},!1)))}(window,document);\n\/\/# sourceURL=https:\/\/adfinternational.org\/wp-includes\/js\/wp-embed.min.js\n\/* ]]> *\/\n<\/script>\n","thumbnail_url":"https:\/\/adfinternational.org\/wp-content\/uploads\/2021\/07\/img_199-scaled.jpg","thumbnail_width":2560,"thumbnail_height":1707,"description":"Zusammenfassung Die Gruppe \u201e40 Tage f\u00fcr das Leben\u201c klagt gegen \u00f6rtliche Beh\u00f6rden\u00a0 Pforzheimer Gebetsverbot nur eines von mehreren, die europaweit angefochten werden\u00a0\u00a0 PFORZHEIM\/KARLSRUHE (9. Februar 2021) \u2013 D\u00fcrfen deutsche Beh\u00f6rden Gebet auf der Stra\u00dfe verbieten? Diese Frage stellt die Gruppe \u201e40 Tage f\u00fcr das Leben\u201c in Pforzheim, Deutschland am 15. Februar dem Verwaltungsgericht Karlsruhe . [&hellip;]"}

Zusammenfassung Die Gruppe „40 Tage für das Leben“ klagt gegen örtliche Behörden  Pforzheimer Gebetsverbot nur eines von mehreren, die europaweit angefochten werden   PFORZHEIM/KARLSRUHE (9. Februar 2021) – Dürfen deutsche Behörden Gebet auf der Straße verbieten? Diese Frage stellt die Gruppe „40 Tage für das Leben“ in Pforzheim, Deutschland am 15. Februar dem Verwaltungsgericht Karlsruhe . [&hellip;]
