{"version":"1.0","provider_name":"ADF International","provider_url":"https:\/\/adfinternational.org\/de","title":"Veranstaltung Marsch f\u00fcrs Leben Wien 2025","type":"rich","width":600,"height":338,"html":"<blockquote class=\"wp-embedded-content\" data-secret=\"PdxCSMuqIs\"><a href=\"https:\/\/adfinternational.org\/de\/veranstaltung-marsch-fuers-leben-wien-2025\">Veranstaltung Marsch f\u00fcrs Leben Wien 2025<\/a><\/blockquote><iframe sandbox=\"allow-scripts\" security=\"restricted\" src=\"https:\/\/adfinternational.org\/de\/veranstaltung-marsch-fuers-leben-wien-2025\/embed#?secret=PdxCSMuqIs\" width=\"600\" height=\"338\" title=\"&#8222;Veranstaltung Marsch f\u00fcrs Leben Wien 2025&#8220; &#8212; ADF International\" data-secret=\"PdxCSMuqIs\" frameborder=\"0\" marginwidth=\"0\" marginheight=\"0\" scrolling=\"no\" class=\"wp-embedded-content\"><\/iframe><script type=\"text\/javascript\">\n\/* <![CDATA[ *\/\n\/*! This file is auto-generated *\/\n!function(d,l){\"use strict\";l.querySelector&&d.addEventListener&&\"undefined\"!=typeof URL&&(d.wp=d.wp||{},d.wp.receiveEmbedMessage||(d.wp.receiveEmbedMessage=function(e){var t=e.data;if((t||t.secret||t.message||t.value)&&!\/[^a-zA-Z0-9]\/.test(t.secret)){for(var s,r,n,a=l.querySelectorAll('iframe[data-secret=\"'+t.secret+'\"]'),o=l.querySelectorAll('blockquote[data-secret=\"'+t.secret+'\"]'),c=new RegExp(\"^https?:$\",\"i\"),i=0;i<o.length;i++)o[i].style.display=\"none\";for(i=0;i<a.length;i++)s=a[i],e.source===s.contentWindow&&(s.removeAttribute(\"style\"),\"height\"===t.message?(1e3<(r=parseInt(t.value,10))?r=1e3:~~r<200&&(r=200),s.height=r):\"link\"===t.message&&(r=new URL(s.getAttribute(\"src\")),n=new URL(t.value),c.test(n.protocol))&&n.host===r.host&&l.activeElement===s&&(d.top.location.href=t.value))}},d.addEventListener(\"message\",d.wp.receiveEmbedMessage,!1),l.addEventListener(\"DOMContentLoaded\",function(){for(var e,t,s=l.querySelectorAll(\"iframe.wp-embedded-content\"),r=0;r<s.length;r++)(t=(e=s[r]).getAttribute(\"data-secret\"))||(t=Math.random().toString(36).substring(2,12),e.src+=\"#?secret=\"+t,e.setAttribute(\"data-secret\",t)),e.contentWindow.postMessage({message:\"ready\",secret:t},\"*\")},!1)))}(window,document);\n\/\/# sourceURL=https:\/\/adfinternational.org\/wp-includes\/js\/wp-embed.min.js\n\/* ]]> *\/\n<\/script>\n","description":"ADF International, gemeinsam mit der Stiftung Ja zum Leben und dem Marsch f\u00fcr das Leben \u00d6sterreich, l\u00e4dt Sie herzlich zu einem Empfang am Vorabend des Marsches f\u00fcr das Leben ein. Wir freuen uns auf einen gemeinsamen Abend. Anmeldung Melden Sie sich hier f\u00fcr die ADF International Veranstaltung\u00a0 in Wien am Freitag, 3. Oktober 2025 um [&hellip;]","thumbnail_url":"https:\/\/adfinternational.org\/wp-content\/uploads\/2025\/09\/m4l_cocktail_hero.webp","thumbnail_width":1024,"thumbnail_height":1024}

Veranstaltung Marsch fürs Leben Wien 2025

<blockquote class="wp-embedded-content" data-secret="PdxCSMuqIs"><a href="https://adfinternational.org/de/veranstaltung-marsch-fuers-leben-wien-2025">Veranstaltung Marsch fürs Leben Wien 2025</a></blockquote><iframe sandbox="allow-scripts" security="restricted" src="https://adfinternational.org/de/veranstaltung-marsch-fuers-leben-wien-2025/embed#?secret=PdxCSMuqIs" width="600" height="338" title="&#8222;Veranstaltung Marsch fürs Leben Wien 2025&#8220; &#8212; ADF International" data-secret="PdxCSMuqIs" frameborder="0" marginwidth="0" marginheight="0" scrolling="no" class="wp-embedded-content"></iframe><script type="text/javascript">
/* <![CDATA[ */
/*! This file is auto-generated */
!function(d,l){"use strict";l.querySelector&&d.addEventListener&&"undefined"!=typeof URL&&(d.wp=d.wp||{},d.wp.receiveEmbedMessage||(d.wp.receiveEmbedMessage=function(e){var t=e.data;if((t||t.secret||t.message||t.value)&&!/[^a-zA-Z0-9]/.test(t.secret)){for(var s,r,n,a=l.querySelectorAll('iframe[data-secret="'+t.secret+'"]'),o=l.querySelectorAll('blockquote[data-secret="'+t.secret+'"]'),c=new RegExp("^https?:$","i"),i=0;i<o.length;i++)o[i].style.display="none";for(i=0;i<a.length;i++)s=a[i],e.source===s.contentWindow&&(s.removeAttribute("style"),"height"===t.message?(1e3<(r=parseInt(t.value,10))?r=1e3:~~r<200&&(r=200),s.height=r):"link"===t.message&&(r=new URL(s.getAttribute("src")),n=new URL(t.value),c.test(n.protocol))&&n.host===r.host&&l.activeElement===s&&(d.top.location.href=t.value))}},d.addEventListener("message",d.wp.receiveEmbedMessage,!1),l.addEventListener("DOMContentLoaded",function(){for(var e,t,s=l.querySelectorAll("iframe.wp-embedded-content"),r=0;r<s.length;r++)(t=(e=s[r]).getAttribute("data-secret"))||(t=Math.random().toString(36).substring(2,12),e.src+="#?secret="+t,e.setAttribute("data-secret",t)),e.contentWindow.postMessage({message:"ready",secret:t},"*")},!1)))}(window,document);
//# sourceURL=https://adfinternational.org/wp-includes/js/wp-embed.min.js
/* ]]> */
</script>

ADF International, gemeinsam mit der Stiftung Ja zum Leben und dem Marsch für das Leben Österreich, lädt Sie herzlich zu einem Empfang am Vorabend des Marsches für das Leben ein. Wir freuen uns auf einen gemeinsamen Abend. Anmeldung Melden Sie sich hier für die ADF International Veranstaltung  in Wien am Freitag, 3. Oktober 2025 um [&hellip;]
