{"version":"1.0","provider_name":"ADF International","provider_url":"https:\/\/adfinternational.org\/fr","title":"Aviso: Le verdict dans l\u2019affaire du tweet biblique de P\u00e4ivi R\u00e4s\u00e4nen, \u00e9lue finlandaise, attendu demain, 14 Nov","type":"rich","width":600,"height":338,"html":"<blockquote class=\"wp-embedded-content\" data-secret=\"X2vHECP7bU\"><a href=\"https:\/\/adfinternational.org\/fr\/actualites\/aviso-verdict-dans-laffaire-rasanen-attendu-demain\">Aviso: Le verdict dans l\u2019affaire du tweet biblique de P\u00e4ivi R\u00e4s\u00e4nen, \u00e9lue finlandaise, attendu demain, 14 Nov<\/a><\/blockquote><iframe sandbox=\"allow-scripts\" security=\"restricted\" src=\"https:\/\/adfinternational.org\/fr\/actualites\/aviso-verdict-dans-laffaire-rasanen-attendu-demain\/embed#?secret=X2vHECP7bU\" width=\"600\" height=\"338\" title=\"\u00ab\u00a0Aviso: Le verdict dans l\u2019affaire du tweet biblique de P\u00e4ivi R\u00e4s\u00e4nen, \u00e9lue finlandaise, attendu demain, 14 Nov\u00a0\u00bb &#8212; ADF International\" data-secret=\"X2vHECP7bU\" frameborder=\"0\" marginwidth=\"0\" marginheight=\"0\" scrolling=\"no\" class=\"wp-embedded-content\"><\/iframe><script type=\"text\/javascript\">\n\/* <![CDATA[ *\/\n\/*! This file is auto-generated *\/\n!function(d,l){\"use strict\";l.querySelector&&d.addEventListener&&\"undefined\"!=typeof URL&&(d.wp=d.wp||{},d.wp.receiveEmbedMessage||(d.wp.receiveEmbedMessage=function(e){var t=e.data;if((t||t.secret||t.message||t.value)&&!\/[^a-zA-Z0-9]\/.test(t.secret)){for(var s,r,n,a=l.querySelectorAll('iframe[data-secret=\"'+t.secret+'\"]'),o=l.querySelectorAll('blockquote[data-secret=\"'+t.secret+'\"]'),c=new RegExp(\"^https?:$\",\"i\"),i=0;i<o.length;i++)o[i].style.display=\"none\";for(i=0;i<a.length;i++)s=a[i],e.source===s.contentWindow&&(s.removeAttribute(\"style\"),\"height\"===t.message?(1e3<(r=parseInt(t.value,10))?r=1e3:~~r<200&&(r=200),s.height=r):\"link\"===t.message&&(r=new URL(s.getAttribute(\"src\")),n=new URL(t.value),c.test(n.protocol))&&n.host===r.host&&l.activeElement===s&&(d.top.location.href=t.value))}},d.addEventListener(\"message\",d.wp.receiveEmbedMessage,!1),l.addEventListener(\"DOMContentLoaded\",function(){for(var e,t,s=l.querySelectorAll(\"iframe.wp-embedded-content\"),r=0;r<s.length;r++)(t=(e=s[r]).getAttribute(\"data-secret\"))||(t=Math.random().toString(36).substring(2,12),e.src+=\"#?secret=\"+t,e.setAttribute(\"data-secret\",t)),e.contentWindow.postMessage({message:\"ready\",secret:t},\"*\")},!1)))}(window,document);\n\/\/# sourceURL=https:\/\/adfinternational.org\/wp-includes\/js\/wp-embed.min.js\n\/* ]]> *\/\n<\/script>\n","thumbnail_url":"https:\/\/adfinternational.org\/wp-content\/uploads\/2024\/01\/Paivi-Testimony-1.jpg","thumbnail_width":500,"thumbnail_height":500,"description":"RR\u00e4s\u00e4nen et son \u00e9quipe juridique r\u00e9pondront \u00e0 vos questions apr\u00e8s avoir entendu le verdict, pendant une conf\u00e9rence de presse organis\u00e9e par ADF International le 14 novembre \u00e0 15h30 CET, (9h30 ET)"}

Aviso: Le verdict dans l’affaire du tweet biblique de Päivi Räsänen, élue finlandaise, attendu demain, 14 Nov

<blockquote class="wp-embedded-content" data-secret="X2vHECP7bU"><a href="https://adfinternational.org/fr/actualites/aviso-verdict-dans-laffaire-rasanen-attendu-demain">Aviso: Le verdict dans l’affaire du tweet biblique de Päivi Räsänen, élue finlandaise, attendu demain, 14 Nov</a></blockquote><iframe sandbox="allow-scripts" security="restricted" src="https://adfinternational.org/fr/actualites/aviso-verdict-dans-laffaire-rasanen-attendu-demain/embed#?secret=X2vHECP7bU" width="600" height="338" title="« Aviso: Le verdict dans l’affaire du tweet biblique de Päivi Räsänen, élue finlandaise, attendu demain, 14 Nov » &#8212; ADF International" data-secret="X2vHECP7bU" frameborder="0" marginwidth="0" marginheight="0" scrolling="no" class="wp-embedded-content"></iframe><script type="text/javascript">
/* <![CDATA[ */
/*! This file is auto-generated */
!function(d,l){"use strict";l.querySelector&&d.addEventListener&&"undefined"!=typeof URL&&(d.wp=d.wp||{},d.wp.receiveEmbedMessage||(d.wp.receiveEmbedMessage=function(e){var t=e.data;if((t||t.secret||t.message||t.value)&&!/[^a-zA-Z0-9]/.test(t.secret)){for(var s,r,n,a=l.querySelectorAll('iframe[data-secret="'+t.secret+'"]'),o=l.querySelectorAll('blockquote[data-secret="'+t.secret+'"]'),c=new RegExp("^https?:$","i"),i=0;i<o.length;i++)o[i].style.display="none";for(i=0;i<a.length;i++)s=a[i],e.source===s.contentWindow&&(s.removeAttribute("style"),"height"===t.message?(1e3<(r=parseInt(t.value,10))?r=1e3:~~r<200&&(r=200),s.height=r):"link"===t.message&&(r=new URL(s.getAttribute("src")),n=new URL(t.value),c.test(n.protocol))&&n.host===r.host&&l.activeElement===s&&(d.top.location.href=t.value))}},d.addEventListener("message",d.wp.receiveEmbedMessage,!1),l.addEventListener("DOMContentLoaded",function(){for(var e,t,s=l.querySelectorAll("iframe.wp-embedded-content"),r=0;r<s.length;r++)(t=(e=s[r]).getAttribute("data-secret"))||(t=Math.random().toString(36).substring(2,12),e.src+="#?secret="+t,e.setAttribute("data-secret",t)),e.contentWindow.postMessage({message:"ready",secret:t},"*")},!1)))}(window,document);
//# sourceURL=https://adfinternational.org/wp-includes/js/wp-embed.min.js
/* ]]> */
</script>

RRäsänen et son équipe juridique répondront à vos questions après avoir entendu le verdict, pendant une conférence de presse organisée par ADF International le 14 novembre à 15h30 CET, (9h30 ET)
